Determine x(i).
1
Let c(q) be the first derivative of -q**2/2 - 2*q - 52. Calculate c(3).
-5
Let j be (2 - 1) + -1 + -6. Suppose -5*v = -3*v + 5*h - 39, -39 = -3*v - h. Let i(m) = v + 5*m - 4*m - 5 - 6*m - m**2. Give i(j).
1
Suppose 0 + 3 = s. Suppose 15 = -3*o + 2*t, -2*t = 5*o - s*t + 25. Let d(j) = j + 7. Determine d(o).
2
Let y(r) = -7*r - 18. Let d be y(1). Let z(p) = 2*p + 53. Calculate z(d).
3
Suppose 8*o = 3 + 69. Let v(i) be the first derivative of -i**3/3 + 9*i**2/2 - 3*i - 2. Determine v(o).
-3
Let j be -3 - 148/(-12) - (-2)/(-6). Let q(w) = -w**3 + 10*w**2 - 8*w - 3. Calculate q(j).
6
Let t(d) = d**3 + 10*d**2 + 17*d + 9. Let l be t(-8). Let r(x) = 29*x + l - 32*x - 3*x**2 + 5*x**2. Give r(2).
3
Suppose -5*t + 40 = 5*c, 0 = -4*c - 3*t - 3 + 32. Let u(r) = -7 + 0*r - r**3 + 5*r**2 + 0*r**3 + 13 - 2*r. What is u(c)?
-4
Let j be (-4)/6 - (-2)/(-6). Let i(n) = -n + 1. Let k(z) be the third derivative of z**4/12 - 4*z**3/3 - 13*z**2. Let c(p) = j*k(p) - 3*i(p). Calculate c(0).
5
Let z(h) be the first derivative of h**3/3 - 11*h**2/2 + 11*h + 351. What is z(8)?
-13
Let p(k) = k + 1. Let f(t) = -t**2 - t + 2. Let q be f(2). Let a = 1 - q. Determine p(a).
6
Suppose -4*z + 20 = 4*j, 8*j - 4*z + 20 = 4*j. Let k(w) be the third derivative of 5/6*w**3 + j*w - 7/24*w**4 + 1/60*w**5 + 0 + 8*w**2. What is k(4)?
-7
Let c be ((-72)/12 - 5) + 5. Let l(v) = -3*v + v**2 + 0*v**2 - 6 + 7*v. What is l(c)?
6
Let i = 7 - 6. Let r(z) be the first derivative of -z**2/2 - z + 10. What is r(i)?
-2
Suppose 56*c + 836 = -153*c. Let p(g) = g**3 + 12*g**2 + 10*g + 2. Let s(u) = -u**3 - 11*u**2 - 9*u - 1. Let v(h) = 5*p(h) + 6*s(h). Calculate v(c).
-12
Let q(m) = -4 - 9*m + m**2 + 5 - 6. Let h be q(9). Let c(w) be the third derivative of -w**4/24 - w**3/3 + 8*w**2. Determine c(h).
3
Let f(x) = x**3 + 2*x**2 - 2*x - 3. Let g be f(-3). Let w be (-2 - g/(-3)) + 2. Let s(j) = j**3 + 2*j**2 - 3*j - 1. Calculate s(w).
5
Let w be (5/(20/(-16)))/(-3 + 1). Let j(a) = -a + 6*a**2 + 217 - 212 - 2*a**w + a**3. Determine j(-5).
-15
Let h(r) be the second derivative of -r**4/12 + 5*r**3/6 + 4*r**2 + 5*r. Let s be (8 - 14)/(-6) + (-2 - -9). Determine h(s).
-16
Let t = 321 - 321. Let l(f) be the third derivative of 0 + t*f - 1/6*f**3 + 6*f**2 + 1/12*f**4. What is l(1)?
1
Let b(u) = u - 1. Let y(n) = -5. Suppose -2 = x, 0 = -2*h - 4*x - 4 - 2. Let j(c) = h*b(c) - y(c). What is j(0)?
4
Let s(b) be the second derivative of -b**3/3 + 3*b**2 - 121*b + 4. Let q be 93/(-15) + (-3)/(-15). What is s(q)?
18
Let f(t) be the second derivative of t**7/840 - t**6/60 + t**5/30 - t**4/8 + 5*t**3/3 + 36*t. Let r(y) be the second derivative of f(y). Give r(5).
-8
Let t(x) be the second derivative of -x**3/2 + 7*x**2/2 + x. Let s = -985 + 994. Determine t(s).
-20
Let k(m) = m**3 + 6*m**2 + 7*m + 5. Suppose 0 = -j - j + 5*t + 22, 5*j - 90 = -5*t. Let h = j + -21. Calculate k(h).
-5
Let l(d) = -d**3 + 5*d**2 - 2*d + 3. Let y(g) = -g - 9. Suppose 6*n + 57 = -9. Let o be y(n). What is l(o)?
11
Suppose 3*v - 388 = 2*h, 3*h - 2*h = -v + 121. Suppose -v = 12*z + 6*z. Let d(u) = u**3 + 8*u**2 + 5*u - 10. Determine d(z).
4
Let z(p) = -p**3 + 8*p**2 - 9*p + 4. Let g(v) = -v**3 + 13*v**2 - 38*v - 4. Let q be g(5). Calculate z(q).
22
Suppose 21*y + 101 + 4 = 0. Let h(a) = a**3 + 7*a**2 + 11*a + 10. Determine h(y).
5
Suppose 5*p + 58 = 13. Let b(v) = v**2 + 8*v - 11. Let a be b(p). Let n(o) = -17*o - 8. Let c(d) = -6*d - 3. Let w(y) = 11*c(y) - 4*n(y). Calculate w(a).
-5
Let z = 3 + -3. Let s(j) be the first derivative of j**5/60 + j**3/2 - 7*j**2/2 - 13. Let f(a) be the second derivative of s(a). Give f(z).
3
Let k(z) = -35*z - 37*z - 1 + 47*z. Let q be 12/(-8)*1 - (-3)/6. Calculate k(q).
24
Suppose 0 = l + 5*v - 16, -8*v + 3*v = 3*l - 28. Let c(z) = 4*z - 31. What is c(l)?
-7
Suppose 0 = -2*h - 4*a - 22, 4*h + 30 = 2*a - 3*a. Let c(y) = -y**3 - 6*y**2 + 7*y + 4. Determine c(h).
4
Let f be 12/(-16)*24/(-9). Suppose f*q + 3*q = -4*x + 5, 3*x + 5 = -2*q. Let g(w) = -1 - 2 - 4 + q + 4*w. Determine g(2).
6
Let a(j) = 16 + j**3 + 6*j**2 + 10*j**2 + 29*j + 1. Let k be a(-14). Let m(p) = -p**3 + 4*p**2 - p + 3. Determine m(k).
9
Let x(t) = t**3 + 5 + 0*t**3 - 5*t**2 - t**2. Let y(s) = -90*s + 636. Let f be y(7). Give x(f).
5
Let t(v) = -3*v + 3. Let q(d) = 2*d + 51. Let u be q(-20). Suppose -3*l + 57 = 18. Let h = l - u. What is t(h)?
-3
Let k(f) = -4*f - 25. Let o = -633 + 627. Calculate k(o).
-1
Let y(v) = -11*v**2 - 2*v**2 + 607*v - 304*v - v**3 + 17 - 302*v. Calculate y(-13).
4
Let b(f) = 7 - 180*f + f**3 + 3*f**2 + 181*f + 0*f**2 + 10*f**2 - 4. What is b(-13)?
-10
Let j(f) = -f**3 - 8*f**2 - 3*f + 17. Let r be 3/5 + 1368/(-180). Determine j(r).
-11
Let h(b) = -3*b - 1. Suppose -6*j + 3*j - 6 = 0. Let i = j - -5. Suppose 4*w - 2*s = 4, 5*w = w + i*s + 8. Determine h(w).
2
Let w(t) = 11*t**3 - 19*t**2 + 33*t + 16. Let n(m) = -5*m**3 + 10*m**2 - 16*m - 8. Let v(r) = 9*n(r) + 4*w(r). Give v(13).
5
Let x(o) = o**2 - 3*o - 4. Let u = 77 - 57. Let a = -48 + 31. Let k = a + u. Determine x(k).
-4
Let f(i) = i - 10. Let p be ((-14)/21)/(4/(-18)). Suppose 0*b = d - 2*b, p*b = -d + 15. Determine f(d).
-4
Let j(p) = p**3 + 5*p**2 + 4*p + 1. Let b = 10 - 10. Let v(f) = f + 7. Let r be v(b). Let o = -11 + r. Determine j(o).
1
Let l(u) = 11*u**2 + 10*u**2 + 3*u + 2 - 1 + 6*u**2 - 29*u**2. Determine l(-1).
-4
Let a(p) = -3*p**2 - p. Let g(k) = k**2 + 2*k - 1. Let r(x) = 2*a(x) + 3*g(x). Calculate r(2).
-7
Let n(d) be the first derivative of -2*d**3/3 - d**2/2 + 184. What is n(1)?
-3
Let k(v) = 2*v - 30. Let m(t) = t - 14. Let s(j) = -6*k(j) + 13*m(j). Calculate s(6).
4
Let x(y) = 3*y**3 + 7*y**2 - 9*y + 6. Let j(v) = -v**2 + 2*v - 1. Let n(u) = -6*j(u) - x(u). What is n(-2)?
26
Let s(d) = 13*d**2 - 6*d - 7. Let c(h) = -11*h**2 + 5*h + 6. Let n(b) = 6*c(b) + 5*s(b). Give n(-2).
-3
Let y(x) = -x**3 + 4*x**2 - x - 2. Suppose 0*i - 24 = 6*i. Let k be -1 - (-2 - (i + 1))*-3. Calculate y(k).
4
Let y be (-30)/(-20)*(-8)/(-6). Let u(a) = -5*a**2 + y*a - 9*a**2 + 8*a**2 - 1. Calculate u(1).
-5
Let n(s) = 3*s. Let t(w) = 17*w + 1. Let r(o) = 11*n(o) - 2*t(o). Determine r(-4).
2
Let i(d) = -23*d**2 - 2*d - 1. Let z = -219 - -218. What is i(z)?
-22
Let a(b) be the second derivative of 1/60*b**5 + 0*b**2 - 1/3*b**3 + 0 + 2*b + 1/8*b**4. Let r(z) be the second derivative of a(z). Determine r(4).
11
Suppose 78 = 2*z - 2*o, -5*o + 118 = 3*z + 1. Let m = -33 + z. Let k(a) = -a**3 + 6*a**2 + 2*a - 4. Determine k(m).
8
Let d(f) be the second derivative of f**7/840 - f**6/90 + f**5/24 - f**4/6 - f**3/2 - 26*f. Let s(c) be the second derivative of d(c). Determine s(3).
2
Let j(f) = -f**3 - 4*f**2 + 7*f + 4. Let g(h) = h**2 + 10*h + 19. Let s be g(-4). Calculate j(s).
-6
Let i(d) = 4*d**3 + d**2 + 8*d. Let a(x) = x**3 + x**2 + 2*x + 1. Let b(f) = 3*a(f) - i(f). Calculate b(2).
-1
Let p(s) = -s**2 + 9*s + 3. Let r = -1719 + 1727. Determine p(r).
11
Let m(x) = -x**2 + 6*x + 6. Let g = 7 - -5. Suppose 60 = 8*i + g. Give m(i).
6
Let m(o) = 1 + 2*o**2 + 204*o + 197*o - 400*o. Determine m(-2).
7
Suppose -13 + 11 = -y. Suppose 4*c + 4*i = 2*c + y, -i + 8 = -2*c. Let w(f) = f**3 + 5*f**2 + 4*f + 2. Calculate w(c).
8
Suppose 7*p + 9*p - 32 = 0. Let n(m) = -3*m**3 - m + 2. Calculate n(p).
-24
Let w = -216 - -146. Let h = -62 - w. Let i(l) = l**3 - 8*l**2 + l. What is i(h)?
8
Let q(c) be the third derivative of -8*c**2 + 5/24*c**4 + 0*c + 0 + 1/6*c**3. Give q(3).
16
Suppose -4*g + 95 = 11. Suppose -22 = -20*r + 19*r + m, -2*m = r - 19. Let t be 48/r + (-6)/g. Let c(n) = 7*n - 3. Determine c(t).
11
Let q = -1507 - -1506. Let a(d) = -6*d + 1. Determine a(q).
7
Let m(v) = 2*v - 6. Let i be (-16)/(-5) - (-3)/(-15). Suppose -i*n + 4*z + 18 = 0, 2*z - z - 1 = -2*n. Let t be 9/n - 21/(-14). Give m(t).
6
Suppose -9 = -3*w - 3. Let y(f) = -3 + 38*f**2 - 80*f**w + 41*f**2 + 5*f. What is y(5)?
-3
Suppose -3*m - 15 = 0, -5*k + 0*m - 5*m = -20. Let j = -14 + k. Let u(r) = -r**2 - 3*r + 2. Determine u(j).
-8
Let x(i) = 6*i**2 - i. Let l = 24 - 11. Let k(m) = -m**2 + 12*m + 14. Let w be k(l). Determine x(w).
5
Let a(y) = -2*y - 2. Let o = 192 - 184. What is a(o)?
-18
Let p(i) be the second derivative of -3/2*i**3 - 9/2*i**2 + 0 - 17*i + 1/12*i**4. Calculate p(9).
-9
Let 